alse
Does 9 divide 325465?
False
Does 486 divide 100116?
True
Does 139 divide 969942?
True
Does 22 divide 527780?
True
Is 93 a factor of 33759?
True
Is 209840 a multiple of 86?
True
Is 163579 a multiple of 158?
False
Is 10586356 a multiple of 70?
False
Does 20 divide 837704?
False
Is 16727 a multiple of 147?
False
Does 398 divide 353029?
False
Is 662949 a multiple of 21?
True
Is 10 a factor of 709250?
True
Is 10710964 a multiple of 16?
False
Is 85 a factor of 6239313?
False
Is 6056449 a multiple of 49?
True
Is 70977 a multiple of 101?
False
Is 5 a factor of 85850?
True
Is 333 a factor of 941629?
False
Is 262929 a multiple of 23?
False
Does 90 divide 120281?
False
Does 33 divide 139986?
True
Is 60886 a multiple of 14?
True
Is 43400 a multiple of 100?
True
Is 144 a factor of 4543056?
True
Does 3 divide 222873?
True
Is 240421 a multiple of 141?
False
Is 63 a factor of 30388?
False
Does 100 divide 2493582?
False
Does 42 divide 2435809?
False
Is 16677430 a multiple of 100?
False
Does 404 divide 311676?
False
Does 24 divide 24406709?
False
Is 75 a factor of 919429?
False
Is 2653668 a multiple of 24?
False
Does 3 divide 867459?
True
Is 483 a factor of 3892684?
False
Is 11 a factor of 30444?
False
Does 1002 divide 15236412?
True
Does 109 divide 988308?
False
Does 92 divide 31648?
True
Is 346 a factor of 129404?
True
Is 108 a factor of 945211?
False
Does 85 divide 172890?
True
Is 31437 even?
False
Is 80 a factor of 735840?
True
Does 842 divide 6277110?
True
Is 1324480 a multiple of 64?
True
Is 393822 a multiple of 13?
True
Is 19701225 a multiple of 141?
True
Is 534660 a multiple of 532?
True
Is 23322 a multiple of 13?
True
Is 45 a factor of 99540?
True
Does 128 divide 2445410?
False
Does 20 divide 865?
False
Is 101 a factor of 4270280?
True
Does 294 divide 268716?
True
Is 59 a factor of 55182?
False
Is 67 a factor of 1175877?
False
Is 41139 even?
False
Is 7 a factor of 65380?
True
Is 8 a factor of 10214378?
False
Does 80 divide 806816?
False
Is 5362410 a multiple of 10?
True
Does 695 divide 716545?
True
Is 3737841 a multiple of 13?
False
Is 1886904 a multiple of 2?
True
Does 19 divide 878579?
True
Does 159 divide 39165?
False
Does 35 divide 284819?
False
Is 109191 a multiple of 10?
False
Is 4721825 a multiple of 40?
False
Does 52 divide 268476?
True
Is 14 a factor of 194693?
False
Is 87 a factor of 2053461?
True
Is 185831 a multiple of 335?
False
Is 340032 a multiple of 88?
True
Does 137 divide 658285?
True
Is 2 a factor of 71347?
False
Is 68 a factor of 1125060?
True
Is 55704 a multiple of 9?
False
Is 4932 a multiple of 137?
True
Is 3249313 a multiple of 638?
False
Does 3 divide 1523415?
True
Does 123 divide 476873?
False
Is 48 a factor of 181584?
True
Does 187 divide 3538043?
False
Does 418 divide 137104?
True
Is 6419162 a multiple of 839?
False
Is 33 a factor of 3345140?
False
Is 9572432 a multiple of 137?
False
Is 61438 a multiple of 34?
True
Is 733 a multiple of 50?
False
Is 17151 a multiple of 1027?
False
Is 109974 a multiple of 17?
False
Is 144724 a multiple of 17?
False
Is 78 a factor of 720876?
True
Does 70 divide 34300?
True
Is 1539225 a multiple of 25?
True
Is 8152058 a multiple of 345?
False
Is 8 a factor of 381158?
False
Is 22 a factor of 1794322?
False
Is 403000 a multiple of 200?
True
Is 1424406 a multiple of 6?
True
Is 587 a factor of 663447?
False
Is 58548 a multiple of 357?
True
Is 3429932 a multiple of 548?
True
Is 161 a factor of 717409?
False
Does 6 divide 269045?
False
Is 49 a factor of 484586?
False
Does 22 divide 122782?
True
Does 117 divide 1097974?
False
Does 165 divide 5806197?
False
Is 188370 a multiple of 130?
True
Does 28 divide 4427332?
True
Does 30 divide 7224059?
False
Is 155687 a multiple of 161?
True
Does 91 divide 249795?
True
Is 1023676 a multiple of 7?
False
Is 92 a factor of 1665758?
False
Is 619326 a multiple of 10?
False
Is 299188 a multiple of 8?
False
Is 28 a factor of 361398?
False
Does 54 divide 7796?
False
Does 53 divide 447604?
False
Does 18 divide 155286?
True
Is 96 a factor of 162912?
True
Does 13 divide 101169?
False
Does 692 divide 3390910?
False
Is 734193 a multiple of 87?
True
Is 1257153 a multiple of 95?
False
Is 2 a factor of 1127?
False
Is 2825330 a multiple of 718?
True
Does 14 divide 229768?
True
Does 72 divide 1277820?
False
Does 10 divide 367350?
True
Is 586 a factor of 602994?
True
Is 17 a factor of 2023389?
False
Is 4189920 a multiple of 609?
True
Is 127 a factor of 234470?
False
Does 8 divide 4383198?
False
Does 45 divide 1904085?
True
Does 16 divide 110992?
True
Is 249663 a multiple of 96?
False
Does 25 divide 651254?
False
Does 5 divide 100553?
False
Is 26 a factor of 139773?
False
Is 19 a factor of 60379?
False
Is 116983 a multiple of 26?
False
Is 5 a factor of 52730?
True
Is 527 a factor of 852912?
False
Is 209874 a multiple of 57?
True
Is 881 a factor of 381867?
False
Is 2420 a multiple of 10?
True
Is 77 a factor of 518133?
True
Does 33 divide 895323?
True
Does 48 divide 32492?
False
Is 11 a factor of 4059?
True
Is 297317 a multiple of 23?
False
Is 39 a factor of 89049?
False
Is 17 a factor of 15355017?
False
Is 56 a factor of 16937?
False
Is 80 a factor of 22400?
True
Does 588 divide 486601?
False
Is 34 a factor of 99204?
False
Is 15 a factor of 32535?
True
Is 7512 a multiple of 313?
True
Is 992 a factor of 3316256?
True
Is 165540 a multiple of 614?
False
Is 68 a factor of 343672?
True
Does 20 divide 134749?
False
Is 19747596 a multiple of 29?
False
Is 14 a factor of 3083612?
True
Is 27 a factor of 12255057?
True
Does 97 divide 152775?
True
Is 16 a factor of 1122352?
True
Does 552 divide 339480?
True
Does 126 divide 2333142?
True
Is 207 a factor of 2266348?
False
Is 3 a factor of 324976?
False
Is 112 a factor of 2392319?
False
Does 20 divide 3558340?
True
Does 22 divide 237495?
False
Does 8 divide 173557?
False
Is 5903488 a multiple of 1088?
True
Is 103450 a multiple of 25?
True
Is 2716298 a multiple of 44?
False
Is 10 a factor of 1794903?
False
Does 113 divide 18119793?
False
Is 7521954 a multiple of 22?
True
Does 6 divide 25644?
True
Is 65800 a multiple of 40?
True
Is 85627 a multiple of 89?
False
Is 6 a factor of 932522?
False
Is 109199 a multiple of 8?
False
Is 56 a factor of 12697529?
False
Is 118 a factor of 659974?
True
Is 86 a factor of 2835337?
False
Does 7 divide 592032?
True
Does 226 divide 7319145?
False
Does 170 divide 10535456?
False
Is 20754448 a multiple of 26?
True
Does 53 divide 6041?
False
Is 15 a factor of 6489090?
True
Is 916211 a multiple of 37?
False
Is 46 a factor of 12349482?
True
Is 73 a factor of 63628?
False
Is 68329 a multiple of 6?
False
Does 13 divide 4085432?
True
Does 10 divide 1134602?
False
Is 1629044 a multiple of 250?
False
Is 14995 a multiple of 542?
False
Does 13 divide 25913964?
False
Does 45 divide 1654934?
False
Is 163995 a multiple of 87?
True
Is 284856 a multiple of 13?
True
Is 715120 a multiple of 19?
False
Is 125933 a multiple of 102?
False
Is 17 a factor of 53159?
True
Does 23 divide 338828?
False
Does 83 divide 114346?
False
Is 361605 a multiple of 279?
False
Does 48 divide 1143168?
True
Is 418 a factor of 6962451?
False
Does 60 divide 3247357?
False
Is 77 a factor of 337337?
True
Does 22 divide 65692?
True
Does 744 divide 1356312?
True
Is 812394 a multiple of 726?
True
Does 603 divide 204703?
False
Is 267 a factor of 8337525?
False
Is 11916389 a multiple of 237?
False
Is 12 a factor of 46548?
True
Is 737097 a multiple of 274?
False
Is 96111 a multiple of 181?
True
Is 162 a factor of 4335674?
False
Is 75 a factor of 415074?
False
Is 1828815 a multiple of 7?
False
Does 826 divide 10869334?
True
Does 249 divide 22833300?
True
Does 194 divide 301476?
True
Is 13 a factor of 266110?
True
Is 687242 a multiple of 493?
True
Does 151 divide 66443?
False
Does 84 divide 12008684?
False
Does 42 divide 13904?
False
Is 79 a factor of 4231398?
True
Is 377 a factor of 559792?
False
Does 9 divide 347458?
False
Is 88 a factor of 200992?
True
Does 1044 divide 8582?
False
Is 348733 a multiple of 49?
True
Does 264 divide 809219?
False
Is 2330550 a multiple of 151?
False
Does 468 divide 131976?
True
Is 206 a factor of 71688?
True
Is 27 a factor of 37908?
True
Does 10 divide 20142370?
True
Is 78153 a multiple of 327?
True
Is 78 a factor of 212260?
False
D